its digit of 51357?
7
What is the ten thousands digit of 98170?
9
What is the tens digit of 19706?
0
What is the tens digit of 11283?
8
What is the hundreds digit of 1382?
3
What is the units digit of 320?
0
What is the hundreds digit of 94594?
5
What is the tens digit of 14942?
4
What is the units digit of 1228?
8
What is the tens digit of 2505?
0
What is the units digit of 679?
9
What is the units digit of 2491?
1
What is the tens digit of 10247?
4
What is the tens digit of 2654?
5
What is the tens digit of 37633?
3
What is the thousands digit of 5639?
5
What is the thousands digit of 1001?
1
What is the hundreds digit of 986?
9
What is the thousands digit of 150061?
0
What is the units digit of 148290?
0
What is the tens digit of 442?
4
What is the hundreds digit of 8985?
9
What is the units digit of 18039?
9
What is the units digit of 195?
5
What is the ten thousands digit of 136103?
3
What is the hundreds digit of 5897?
8
What is the hundreds digit of 1868?
8
What is the thousands digit of 14294?
4
What is the thousands digit of 26807?
6
What is the tens digit of 12473?
7
What is the tens digit of 4328?
2
What is the tens digit of 127?
2
What is the tens digit of 20230?
3
What is the tens digit of 1683?
8
What is the units digit of 8042?
2
What is the ten thousands digit of 158957?
5
What is the thousands digit of 7783?
7
What is the units digit of 999?
9
What is the hundreds digit of 9067?
0
What is the thousands digit of 1088?
1
What is the tens digit of 4009?
0
What is the tens digit of 27187?
8
What is the units digit of 2770?
0
What is the hundreds digit of 61440?
4
What is the units digit of 7993?
3
What is the tens digit of 1081?
8
What is the units digit of 70178?
8
What is the thousands digit of 2012?
2
What is the units digit of 984?
4
What is the hundreds digit of 591?
5
What is the ten thousands digit of 22900?
2
What is the tens digit of 837?
3
What is the tens digit of 2856?
5
What is the thousands digit of 14822?
4
What is the thousands digit of 67233?
7
What is the tens digit of 6226?
2
What is the units digit of 2120?
0
What is the hundreds digit of 17179?
1
What is the units digit of 82501?
1
What is the tens digit of 85960?
6
What is the tens digit of 213?
1
What is the units digit of 5906?
6
What is the tens digit of 2620?
2
What is the hundreds digit of 8596?
5
What is the units digit of 77461?
1
What is the tens digit of 1981?
8
What is the units digit of 42377?
7
What is the units digit of 323?
3
What is the units digit of 20593?
3
What is the thousands digit of 1292?
1
What is the thousands digit of 1005?
1
What is the units digit of 90995?
5
What is the thousands digit of 4377?
4
What is the hundreds digit of 292?
2
What is the units digit of 5023?
3
What is the units digit of 41626?
6
What is the thousands digit of 10241?
0
What is the units digit of 10396?
6
What is the tens digit of 1961?
6
What is the tens digit of 4168?
6
What is the tens digit of 821?
2
What is the ten thousands digit of 30993?
3
What is the units digit of 42878?
8
What is the tens digit of 39421?
2
What is the hundreds digit of 70449?
4
What is the hundreds digit of 206?
2
What is the hundreds digit of 22237?
2
What is the units digit of 844?
4
What is the hundreds digit of 606?
6
What is the tens digit of 104?
0
What is the ten thousands digit of 98444?
9
What is the thousands digit of 2516?
2
What is the units digit of 3208?
8
What is the hundreds digit of 1860?
8
What is the units digit of 874?
4
What is the tens digit of 229?
2
What is the tens digit of 404?
0
What is the hundreds digit of 18620?
6
What is the tens digit of 10912?
1
What is the units digit of 7789?
9
What is the thousands digit of 29012?
9
What is the thousands digit of 9027?
9
What is the units digit of 12631?
1
What is the hundreds digit of 1069?
0
What is the hundreds digit of 1790?
7
What is the hundreds digit of 43191?
1
What is the ten thousands digit of 60908?
6
What is the tens digit of 8012?
1
What is the thousands digit of 50336?
0
What is the tens digit of 13947?
4
What is the units digit of 1669?
9
What is the units digit of 65?
5
What is the thousands digit of 39933?
9
What is the units digit of 927?
7
What is the thousands digit of 2306?
2
What is the ten thousands digit of 115070?
1
What is the hundreds digit of 7755?
7
What is the thousands digit of 4167?
4
What is the units digit of 67994?
4
What is the ten thousands digit of 16491?
1
What is the units digit of 2077?
7
What is the units digit of 36872?
2
What is the tens digit of 30890?
9
What is the tens digit of 431?
3
What is the thousands digit of 47004?
7
What is the hundreds digit of 622?
6
What is the hundreds digit of 5787?
7
What is the hundreds digit of 179025?
0
What is the hundred thousands digit of 132555?
1
What is the hundred thousands digit of 114258?
1
What is the units digit of 62203?
3
What is the tens digit of 1782?
8
What is the tens digit of 1806?
0
What is the hundreds digit of 67620?
6
What is the hundreds digit of 3287?
2
What is the hundreds digit of 24584?
5
What is the hundreds digit of 229?
2
What is the thousands digit of 11187?
1
What is the tens digit of 421?
2
What is the units digit of 1484?
4
What is the hundreds digit of 55891?
8
What is the units digit of 5377?
7
What is the units digit of 645?
5
What is the units digit of 2836?
6
What is the tens digit of 1024?
2
What is the units digit of 6623?
3
What is the units digit of 14684?
4
What is the thousands digit of 40598?
0
What is the thousands digit of 3770?
3
What is the hundreds digit of 6385?
3
What is the units digit of 907?
7
What is the hundreds digit of 11853?
8
What is the hundreds digit of 1590?
5
What is the hundreds digit of 16579?
5
What is the units digit of 49031?
1
What is the hundreds digit of 2580?
5
What is the tens digit of 557?
5
What is the thousands digit of 7227?
7
What is the tens digit of 40574?
7
What is the hundreds digit of 13167?
1
What is the units digit of 19361?
1
What is the thousands digit of 4832?
4
What is the tens digit of 2440?
4
What is the units digit of 791?
1
What is the hundreds digit of 7083?
0
What is the tens digit of 483?
8
What is the hundreds digit of 20528?
5
What is the tens digit of 148?
4
What is the hundreds digit of 4384?
3
What is the thousands digit of 3255?
3
What is the hundreds digit of 10373?
3
What is the tens digit of 2530?
3
What is the hundreds digit of 14985?
9
What is the units digit of 83887?
7
What is the hundreds digit of 62831?
8
What is the units digit of 8112?
2
What is the units digit of 132765?
5
What is the ten thousands digit of 61787?
6
What is the hundreds digit of 65127?
1
What is the ten thousands digit of 12691?
1
What is the units digit of 1824?
4
What is the thousands digit of 20074?
0
What is the units digit of 62448?
8
What is the tens digit of 4407?
0
What is the tens digit of 1069?
6
What is the tens digit of 75071?
7
What is the units digit of 901?
1
What is the thousands digit of 1245?
1
What is the units digit of 561?
1
What is the tens digit of 3103?
0
What is the thousands digit of 28657?
8
What is the tens digit of 1030?
3
What is the ten thousands digit of 91050?
9
What is the units digit of 28523?
3
What is the tens digit of 27137?
3
What is the ten thousands digit of 148651?
4
What is the thousands digit of 2226?
2
What is the units digit of 19766?
6
What is the hundreds digit of 705?
7
What is the tens digit of 2474?
7
What is the tens digit of 96462?
6
What is the hundreds digit of 1741?
7
What is the tens digit of 2396?
9
What is the thousands digit of 83434?
3
What is the ten thousands digit of 43413?
4
What is the hundreds digit of 5200?
2
What is the hundreds digit of 1548?
5
What is the hundreds digit of 3085?
0
What is the thousands digit of 1930?
1
What is the hundreds digit of 1860?
8
What is the tens digit of 93748?
4
What is the tens digit of 10075?
7
What is the tens digit of 29239?
3
What is the units digit of 4342?
2
What is the ten thousands digit of 20317?
2
What is the units digit of 362?
2
What is the thousands digit of 3466?
3
What is the hundreds digit of 7590?
5
What is the units digit of 84690?
0
What is the tens digit of 1699?
9
What is the hundreds digit of 797?
7
What is the hundreds digit 